ate the remainder when 102634 is divided by 34133.
235
Calculate the remainder when 483612 is divided by 21026.
14
What is the remainder when 896857 is divided by 509?
508
Calculate the remainder when 16424 is divided by 71.
23
What is the remainder when 2554 is divided by 851?
1
What is the remainder when 1746 is divided by 246?
24
What is the remainder when 1881 is divided by 159?
132
Calculate the remainder when 136068 is divided by 39.
36
What is the remainder when 603 is divided by 189?
36
What is the remainder when 5601 is divided by 102?
93
Calculate the remainder when 99636 is divided by 33205.
21
What is the remainder when 3567 is divided by 1459?
649
What is the remainder when 6902 is divided by 380?
62
What is the remainder when 219067 is divided by 14?
9
What is the remainder when 86106 is divided by 10763?
2
Calculate the remainder when 5929 is divided by 2960.
9
Calculate the remainder when 774 is divided by 668.
106
What is the remainder when 12831 is divided by 1833?
0
What is the remainder when 268283 is divided by 29?
4
What is the remainder when 1517 is divided by 723?
71
Calculate the remainder when 925 is divided by 57.
13
Calculate the remainder when 2286 is divided by 227.
16
What is the remainder when 771830 is divided by 57?
50
What is the remainder when 14507 is divided by 2900?
7
Calculate the remainder when 61016 is divided by 782.
20
Calculate the remainder when 22081 is divided by 2007.
4
Calculate the remainder when 256678 is divided by 72.
70
What is the remainder when 383103 is divided by 292?
291
Calculate the remainder when 8437 is divided by 4207.
23
Calculate the remainder when 2081 is divided by 693.
2
Calculate the remainder when 39928 is divided by 245.
238
Calculate the remainder when 48835 is divided by 413.
101
Calculate the remainder when 55426 is divided by 52.
46
What is the remainder when 348758 is divided by 462?
410
Calculate the remainder when 79250 is divided by 138.
38
What is the remainder when 6730 is divided by 19?
4
What is the remainder when 224326 is divided by 111?
106
What is the remainder when 1860 is divided by 341?
155
What is the remainder when 4279 is divided by 123?
97
Calculate the remainder when 121104 is divided by 79.
76
Calculate the remainder when 2476 is divided by 18.
10
What is the remainder when 15642 is divided by 5178?
108
What is the remainder when 3988 is divided by 1260?
208
What is the remainder when 22131 is divided by 238?
235
Calculate the remainder when 341031 is divided by 33.
9
Calculate the remainder when 7812 is divided by 64.
4
Calculate the remainder when 10603 is divided by 3527.
22
Calculate the remainder when 73806 is divided by 56.
54
Calculate the remainder when 16325 is divided by 622.
153
Calculate the remainder when 15154 is divided by 10.
4
What is the remainder when 20759 is divided by 84?
11
Calculate the remainder when 197470 is divided by 4.
2
Calculate the remainder when 85530 is divided by 182.
172
What is the remainder when 2495 is divided by 815?
50
Calculate the remainder when 38387 is divided by 56.
27
Calculate the remainder when 8546 is divided by 79.
14
What is the remainder when 52247 is divided by 53?
42
Calculate the remainder when 16576 is divided by 125.
76
What is the remainder when 9787 is divided by 274?
197
What is the remainder when 2136 is divided by 441?
372
Calculate the remainder when 24337 is divided by 12161.
15
What is the remainder when 13896 is divided by 130?
116
What is the remainder when 214 is divided by 108?
106
What is the remainder when 440 is divided by 39?
11
What is the remainder when 15486 is divided by 68?
50
Calculate the remainder when 21907 is divided by 3650.
7
What is the remainder when 5546 is divided by 688?
42
What is the remainder when 38532 is divided by 96?
36
What is the remainder when 1696 is divided by 1696?
0
What is the remainder when 27210 is divided by 257?
225
Calculate the remainder when 9339 is divided by 3008.
315
Calculate the remainder when 86614 is divided by 21.
10
Calculate the remainder when 26715 is divided by 1489.
1402
Calculate the remainder when 1065 is divided by 150.
15
Calculate the remainder when 607 is divided by 85.
12
Calculate the remainder when 901 is divided by 291.
28
Calculate the remainder when 3643969 is divided by 9.
4
What is the remainder when 4253 is divided by 82?
71
Calculate the remainder when 887823 is divided by 43.
2
What is the remainder when 3829 is divided by 294?
7
What is the remainder when 1188 is divided by 366?
90
What is the remainder when 7499 is divided by 11?
8
What is the remainder when 4082 is divided by 33?
23
What is the remainder when 3432 is divided by 1086?
174
Calculate the remainder when 375207 is divided by 330.
327
What is the remainder when 6824 is divided by 3392?
40
Calculate the remainder when 318417 is divided by 19.
15
What is the remainder when 1091258 is divided by 970?
8
Calculate the remainder when 58501 is divided by 443.
25
What is the remainder when 38792 is divided by 93?
11
Calculate the remainder when 734 is divided by 631.
103
Calculate the remainder when 2123 is divided by 86.
59
What is the remainder when 20962 is divided by 241?
236
Calculate the remainder when 8147 is divided by 10.
7
Calculate the remainder when 13353 is divided by 24.
9
Calculate the remainder when 43612 is divided by 25.
12
Calculate the remainder when 4612 is divided by 232.
204
Calculate the remainder when 2815 is divided by 1505.
1310
Calculate the remainder when 164857 is divided by 221.
212
What is the remainder when 1454 is divided by 541?
372
Calculate the remainder when 10252 is divided by 25.
2
What is the remainder when 18081 is divided by 27?
18
Calculate the remainder when 23421 is divided by 98.
97
What is the remainder when 2129 is divided by 579?
392
What is the remainder when 534812 is divided by 170?
162
Calculate the remainder when 1104002 is divided by 800.
2
Calculate the remainder when 74544 is divided by 21.
15
Calculate the remainder when 1056 is divided by 188.
116
What is the remainder when 1588 is divided by 287?
153
Calculate the remainder when 16247 is divided by 130.
127
Calculate the remainder when 49019 is divided by 490.
19
Calculate the remainder when 1794 is divided by 574.
72
Calculate the remainder when 40936 is divided by 320.
296
Calculate the remainder when 9955 is divided by 120.
115
Calculate the remainder when 6455 is divided by 922.
1
What is the remainder when 680 is divided by 40?
0
What is the remainder when 6990 is divided by 304?
302
What is the remainder when 488626 is divided by 162868?
22
Calculate the remainder when 17479 is divided by 343.
329
Calculate the remainder when 3952 is divided by 3917.
35
Calculate the remainder when 3336 is divided by 43.
25
Calculate the remainder when 76437 is divided by 588.
585
What is the remainder when 114709 is divided by 1062?
13
Calculate the remainder when 4277 is divided by 721.
672
What is the remainder when 10628 is divided by 409?
403
Calculate the remainder when 2968 is divided by 185.
8
Calculate the remainder when 13866 is divided by 25.
16
What is the remainder when 181380 is divided by 10667?
41
Calculate the remainder when 141335 is divided by 18.
17
Calculate the remainder when 665859 is divided by 26.
25
What is the remainder when 3275 is divided by 1456?
363
What is the remainder when 133876 is divided by 106?
104
What is the remainder when 29121 is divided by 24?
9
Calculate the remainder when 8420 is divided by 336.
20
Calculate the remainder when 81536 is divided by 10.
6
What is the remainder when 708958 is divided by 844?
842
Calculate the remainder when 708795 is divided by 141754.
25
Calculate the remainder when 133 is divided by 29.
17
Calculate the remainder when 995 is divided by 474.
47
Calculate the remainder when 121787 is divided by 306.
305
What is the remainder when 9822 is divided by 1222?
46
What is the remainder when 28438 is divided by 191?
170
What is the remainder when 87540 is divided by 140?
40
Calculate the remainder when 3439 is divided by 92.
35
Calculate the remainder when 12454 is divided by 2486.
24
What is the remainder when 6776 is divided by 285?
221
Calculate the remainder when 1652 is divid